mainder when 68753 is divided by 31.
26
Calculate the remainder when 49492 is divided by 226.
224
Calculate the remainder when 92641 is divided by 375.
16
What is the remainder when 24463 is divided by 263?
4
What is the remainder when 16079 is divided by 142?
33
What is the remainder when 3195 is divided by 320?
315
What is the remainder when 49354 is divided by 16?
10
What is the remainder when 580434 is divided by 143?
140
Calculate the remainder when 32134 is divided by 33.
25
What is the remainder when 8990 is divided by 13?
7
What is the remainder when 772 is divided by 47?
20
What is the remainder when 32998 is divided by 25?
23
What is the remainder when 61499 is divided by 150?
149
Calculate the remainder when 1184161 is divided by 2614.
19
What is the remainder when 52979 is divided by 3525?
104
Calculate the remainder when 587 is divided by 377.
210
What is the remainder when 27096 is divided by 343?
342
What is the remainder when 1177 is divided by 585?
7
Calculate the remainder when 370 is divided by 137.
96
Calculate the remainder when 24346 is divided by 117.
10
Calculate the remainder when 3628238 is divided by 209.
207
Calculate the remainder when 11452 is divided by 58.
26
What is the remainder when 13655 is divided by 13635?
20
Calculate the remainder when 19705 is divided by 1962.
85
Calculate the remainder when 5391 is divided by 174.
171
What is the remainder when 21587 is divided by 25?
12
Calculate the remainder when 3434 is divided by 1129.
47
What is the remainder when 30585 is divided by 900?
885
Calculate the remainder when 25657 is divided by 108.
61
What is the remainder when 599 is divided by 403?
196
Calculate the remainder when 600094 is divided by 28.
26
Calculate the remainder when 136501 is divided by 521.
520
Calculate the remainder when 37704 is divided by 2898.
30
What is the remainder when 2044 is divided by 54?
46
What is the remainder when 663255 is divided by 331623?
9
What is the remainder when 13666 is divided by 967?
128
Calculate the remainder when 2856 is divided by 912.
120
What is the remainder when 94939 is divided by 20?
19
What is the remainder when 197122 is divided by 16?
2
Calculate the remainder when 22210 is divided by 2221.
0
Calculate the remainder when 37196 is divided by 155.
151
What is the remainder when 2351 is divided by 131?
124
Calculate the remainder when 16575 is divided by 14.
13
Calculate the remainder when 2971 is divided by 51.
13
What is the remainder when 19085 is divided by 2038?
743
What is the remainder when 55196 is divided by 1417?
1350
Calculate the remainder when 16889 is divided by 5164.
1397
What is the remainder when 18245 is divided by 729?
20
What is the remainder when 42249 is divided by 1362?
27
Calculate the remainder when 123220 is divided by 86.
68
What is the remainder when 1777 is divided by 20?
17
What is the remainder when 10743 is divided by 9?
6
What is the remainder when 11108 is divided by 2769?
32
Calculate the remainder when 55417 is divided by 2515.
87
Calculate the remainder when 5206 is divided by 614.
294
Calculate the remainder when 993935 is divided by 24.
23
What is the remainder when 194411 is divided by 4741?
30
Calculate the remainder when 1161 is divided by 279.
45
What is the remainder when 2135915 is divided by 15?
5
What is the remainder when 5162 is divided by 113?
77
What is the remainder when 1832 is divided by 15?
2
What is the remainder when 3011 is divided by 711?
167
Calculate the remainder when 99849 is divided by 30.
9
What is the remainder when 3018 is divided by 154?
92
What is the remainder when 5221 is divided by 83?
75
Calculate the remainder when 38147 is divided by 12.
11
What is the remainder when 1050916 is divided by 9?
4
Calculate the remainder when 2338 is divided by 194.
10
Calculate the remainder when 5392 is divided by 898.
4
What is the remainder when 183772 is divided by 49?
22
Calculate the remainder when 4208398 is divided by 80.
78
Calculate the remainder when 7773 is divided by 173.
161
Calculate the remainder when 16255 is divided by 3999.
259
What is the remainder when 21023 is divided by 96?
95
What is the remainder when 219976 is divided by 1100?
1076
Calculate the remainder when 10001 is divided by 323.
311
What is the remainder when 14431 is divided by 1794?
79
What is the remainder when 179992 is divided by 139?
126
Calculate the remainder when 4208 is divided by 411.
98
Calculate the remainder when 12246 is divided by 49.
45
What is the remainder when 413 is divided by 204?
5
What is the remainder when 7553687 is divided by 143?
141
What is the remainder when 1333 is divided by 631?
71
Calculate the remainder when 14582 is divided by 13883.
699
What is the remainder when 3210 is divided by 1033?
111
What is the remainder when 12668 is divided by 104?
84
What is the remainder when 16057 is divided by 3677?
1349
What is the remainder when 5759 is divided by 223?
184
Calculate the remainder when 21970 is divided by 225.
145
What is the remainder when 3438 is divided by 4?
2
What is the remainder when 7775 is divided by 163?
114
What is the remainder when 1873584 is divided by 346?
340
What is the remainder when 312383 is divided by 270?
263
What is the remainder when 4269 is divided by 608?
13
What is the remainder when 817341 is divided by 33?
30
What is the remainder when 761851 is divided by 676?
675
What is the remainder when 25271 is divided by 12629?
13
What is the remainder when 22775 is divided by 2843?
31
Calculate the remainder when 7350 is divided by 10.
0
What is the remainder when 27634 is divided by 1516?
346
Calculate the remainder when 325310 is divided by 147.
146
Calculate the remainder when 3982 is divided by 206.
68
What is the remainder when 83421 is divided by 83408?
13
What is the remainder when 1965 is divided by 712?
541
Calculate the remainder when 972 is divided by 929.
43
Calculate the remainder when 1123 is divided by 503.
117
What is the remainder when 4813 is divided by 24?
13
What is the remainder when 18791134 is divided by 18?
16
Calculate the remainder when 502333 is divided by 27.
25
Calculate the remainder when 5342 is divided by 164.
94
What is the remainder when 108317 is divided by 1322?
1235
Calculate the remainder when 85039 is divided by 733.
11
What is the remainder when 1899 is divided by 1119?
780
What is the remainder when 19374 is divided by 54?
42
What is the remainder when 94735 is divided by 6312?
55
Calculate the remainder when 13732 is divided by 170.
132
Calculate the remainder when 55903 is divided by 343.
337
Calculate the remainder when 242315 is divided by 14.
3
What is the remainder when 48564 is divided by 9708?
24
Calculate the remainder when 15846 is divided by 673.
367
What is the remainder when 35433 is divided by 7085?
8
What is the remainder when 26777 is divided by 14?
9
What is the remainder when 32484 is divided by 10824?
12
What is the remainder when 1171674 is divided by 1171668?
6
Calculate the remainder when 151161 is divided by 122.
3
Calculate the remainder when 10815 is divided by 124.
27
What is the remainder when 2263 is divided by 282?
7
Calculate the remainder when 25883 is divided by 699.
20
Calculate the remainder when 18329 is divided by 4.
1
Calculate the remainder when 10277 is divided by 163.
8
What is the remainder when 1593 is divided by 307?
58
What is the remainder when 50850 is divided by 13?
7
Calculate the remainder when 24101 is divided by 271.
253
What is the remainder when 873 is divided by 6?
3
What is the remainder when 78457 is divided by 12?
1
Calculate the remainder when 11542 is divided by 214.
200
What is the remainder when 35357 is divided by 168?
77
What is the remainder when 964849 is divided by 343?
333
Calculate the remainder when 1274 is divided by 633.
8
Calculate the remainder when 296 is divided by 266.
30
What is the remainder when 1659 is divided by 849?
810
Calculate the remainder when 36521 is divided by 3319.
12
What is the remainder when 62137 is divided by 327?
7
What is the remainder when 731342 is divided by 535?
532
What is the remainder when 344548 is divided by 306?
298
What is the remainder when 6476 is divided by 21?
8
Calculate the remainder when 6145 is divided by